{"id":3842,"date":"2018-05-22T15:39:31","date_gmt":"2018-05-22T13:39:31","guid":{"rendered":"http:\/\/dr-smith.de\/inhalt\/?page_id=3842"},"modified":"2018-06-12T09:31:57","modified_gmt":"2018-06-12T07:31:57","slug":"datenschutz","status":"publish","type":"page","link":"https:\/\/dr-smith.de\/inhalt\/datenschutz\/","title":{"rendered":"Datenschutz"},"content":{"rendered":"\n<style type=\"text\/css\" data-created_by=\"avia_inline_auto\" id=\"style-css-av-1fbna6-62c8a9a27d9c124e419e8fabc60e2fa3\">\n.avia-section.av-1fbna6-62c8a9a27d9c124e419e8fabc60e2fa3{\nbackground-repeat:no-repeat;\nbackground-image:url(https:\/\/dr-smith.de\/inhalt\/wp-content\/uploads\/2015\/05\/Wartezimmer-Hautarzt.jpg);\nbackground-position:50% 50%;\nbackground-attachment:scroll;\n}\n.avia-section.av-1fbna6-62c8a9a27d9c124e419e8fabc60e2fa3 .av-section-color-overlay{\nopacity:0.2;\nbackground-color:#000000;\n}\n<\/style>\n<div id='av_section_1'  class='avia-section av-1fbna6-62c8a9a27d9c124e419e8fabc60e2fa3 main_color avia-section-large avia-no-shadow  avia-builder-el-0  el_before_av_section  avia-builder-el-first  avia-full-stretch avia-bg-style-scroll av-section-color-overlay-active container_wrap sidebar_right'  data-section-bg-repeat='stretch'><div class=\"av-section-color-overlay-wrap\"><div class=\"av-section-color-overlay\"><\/div><div class='container av-section-cont-open' ><main  role=\"main\" itemprop=\"mainContentOfPage\"  class='template-page content  av-content-small alpha units'><div class='post-entry post-entry-type-page post-entry-3842'><div class='entry-content-wrapper clearfix'>\n\n<style type=\"text\/css\" data-created_by=\"avia_inline_auto\" id=\"style-css-av-jhhq8tn5-d8a34b04906faea70bc806ede82e29ed\">\n#top .av-special-heading.av-jhhq8tn5-d8a34b04906faea70bc806ede82e29ed{\npadding-bottom:0;\ncolor:#ffffff;\nfont-size:50px;\n}\nbody .av-special-heading.av-jhhq8tn5-d8a34b04906faea70bc806ede82e29ed .av-special-heading-tag .heading-char{\nfont-size:25px;\n}\n#top #wrap_all .av-special-heading.av-jhhq8tn5-d8a34b04906faea70bc806ede82e29ed .av-special-heading-tag{\nfont-size:50px;\n}\n.av-special-heading.av-jhhq8tn5-d8a34b04906faea70bc806ede82e29ed .special-heading-inner-border{\nborder-color:#ffffff;\n}\n.av-special-heading.av-jhhq8tn5-d8a34b04906faea70bc806ede82e29ed .av-subheading{\nfont-size:15px;\n}\n\n@media only screen and (min-width: 480px) and (max-width: 767px){ \n#top #wrap_all .av-special-heading.av-jhhq8tn5-d8a34b04906faea70bc806ede82e29ed .av-special-heading-tag{\nfont-size:0.8em;\n}\n}\n\n@media only screen and (max-width: 479px){ \n#top #wrap_all .av-special-heading.av-jhhq8tn5-d8a34b04906faea70bc806ede82e29ed .av-special-heading-tag{\nfont-size:0.8em;\n}\n}\n<\/style>\n<div  class='av-special-heading av-jhhq8tn5-d8a34b04906faea70bc806ede82e29ed av-special-heading-h1 custom-color-heading blockquote modern-quote modern-centered  avia-builder-el-1  el_before_av_hr  avia-builder-el-first  av-inherit-size'><h1 class='av-special-heading-tag '  itemprop=\"headline\"  >Datenschutz<\/h1><div class=\"special-heading-border\"><div class=\"special-heading-inner-border\"><\/div><\/div><\/div>\n\n<style type=\"text\/css\" data-created_by=\"avia_inline_auto\" id=\"style-css-av-aazhou-cd713e45d9a4b5cb6af39f93197627cf\">\n#top .hr.av-aazhou-cd713e45d9a4b5cb6af39f93197627cf{\nmargin-top:30px;\nmargin-bottom:30px;\n}\n.hr.av-aazhou-cd713e45d9a4b5cb6af39f93197627cf .hr-inner{\nwidth:20%;\nborder-color:rgba(255,255,255,0.76);\nmax-width:45%;\n}\n.hr.av-aazhou-cd713e45d9a4b5cb6af39f93197627cf .av-seperator-icon{\ncolor:#ffffff;\n}\n.hr.av-aazhou-cd713e45d9a4b5cb6af39f93197627cf .av-seperator-icon.avia-svg-icon svg:first-child{\nfill:#ffffff;\nstroke:#ffffff;\n}\n<\/style>\n<div  class='hr av-aazhou-cd713e45d9a4b5cb6af39f93197627cf hr-custom  avia-builder-el-2  el_after_av_heading  avia-builder-el-last  hr-center hr-icon-yes'><span class='hr-inner inner-border-av-border-thin'><span class=\"hr-inner-style\"><\/span><\/span><span class='av-seperator-icon avia-iconfont avia-font-entypo-fontello' data-av_icon='\ue8bf' data-av_iconfont='entypo-fontello' ><\/span><span class='hr-inner inner-border-av-border-thin'><span class=\"hr-inner-style\"><\/span><\/span><\/div>\n\n<\/div><\/div><\/main><!-- close content main element --><\/div><\/div><\/div><div id='av_section_2'  class='avia-section av-968l1q-637ee0636712880a02e551eb0cbe5db6 main_color avia-section-small avia-no-border-styling  avia-builder-el-3  el_after_av_section  avia-builder-el-last  avia-bg-style-fixed container_wrap sidebar_right'  ><div class='container av-section-cont-open' ><div class='template-page content  av-content-small alpha units'><div class='post-entry post-entry-type-page post-entry-3842'><div class='entry-content-wrapper clearfix'>\n<div class='flex_column_table av-8582da-6afe657996875c112495df6e1ab5492e sc-av_one_full av-equal-height-column-flextable'>\n<style type=\"text\/css\" data-created_by=\"avia_inline_auto\" id=\"style-css-av-8582da-6afe657996875c112495df6e1ab5492e\">\n#top .flex_column_table.av-equal-height-column-flextable.av-8582da-6afe657996875c112495df6e1ab5492e{\nmargin-top:-60px;\nmargin-bottom:0px;\n}\n.flex_column.av-8582da-6afe657996875c112495df6e1ab5492e{\nborder-radius:0px 0px 0px 0px;\npadding:30px 30px 30px 30px;\nbackground-color:#ffffff;\n}\n<\/style>\n<div  class='flex_column av-8582da-6afe657996875c112495df6e1ab5492e av_one_full  avia-builder-el-4  avia-builder-el-no-sibling  first no_margin flex_column_table_cell av-equal-height-column av-align-top  '     ><p><section  class='av_textblock_section av-5hhzq6-8ef0667578014b360286d2184950e1cf '   itemscope=\"itemscope\" itemtype=\"https:\/\/schema.org\/CreativeWork\" ><div class='avia_textblock'  itemprop=\"text\" ><p>Sehr geehrte\/sehr geehrter Seitennutzer,<\/p>\n<p>der Schutz Ihrer personenbezogenen Daten ist uns wichtig. Nach der EU-Datenschutz-Grundverordnung (DSGVO) sind wir verpflichtet, Sie dar\u00fcber zu informieren, zu welchem Zweck diese Seite Daten erhebt, speichert oder weiterleitet und welche Rechte Sie bez\u00fcglich Datenschutz haben.<\/p>\n<p><strong>1. VERANTWORTLICHKEIT F\u00dcR DIE DATENVERARBEITUNG<\/strong><br \/>\nVerantwortlich f\u00fcr die Datenverarbeitung und Kontakt des Datenschutzbeauftragten<br \/>\nPraxis Dr Smith<br \/>\nSiegfriedstr. 9<br \/>\n80803 M\u00fcnchen<br \/>\nTel. \/Fax 089-343052<\/p>\n<p><strong>2. STATTFINDEN VON DATENVERARBEITUNG<\/strong><br \/>\nWenn Sie diese Webseite verwenden, speichern wir keine Daten von Ihnen.<br \/>\nWenn Sie das Kontaktformular verwenden, werden bei einer Terminvereinbarung Name, Versichertenstatus und Telefonnummer als Termin notiert, es erfolgt aber keine dauerhafte Speicherung.<\/p>\n<p><strong>3. EMPF\u00c4NGER IHRER DATEN, SPEICHERUNG DER DATEN<\/strong><br \/>\nWir \u00fcbermitteln diese Daten NICHT an Dritte und speichern diese NICHT dauerhaft.<\/p>\n<p><strong>4. RECHTLICHE GRUNDLAGEN<\/strong><br \/>\nRechtsgrundlage f\u00fcr die Verarbeitung Ihrer Daten ist Artikel 9 Absatz 2 lit. h) DSGVO in Verbindung mit Paragraf 22 Absatz 1 Nr. 1 lit. b) Bundesdatenschutzgesetz.<\/p>\n<p><strong>Technische Daten<\/strong><br \/>\nWenn Sie unsere Website aufrufen, werden allgemeine Daten und Informationen in den Logfiles des Servers gespeichert. Erfasst werden dabei unter Umst\u00e4nden der von Ihnen verwendete Browsertyp und seine Version, das von Ihnen verwendete Betriebssystem, die Internetseite, von der aus Sie unsere Website aufgerufen haben, das Datum und die Uhrzeit eines Zugriffs auf unsere Website, Ihre zum Zeitpunkt des Zugriffs verwendete Internet-Protokoll-Adresse (IP-Adresse) und Ihr Internet-Service-Provider.<br \/>\nDie Erhebung der Daten ist technisch notwendig, um von Ihnen angeforderte Inhalte von Webseiten korrekt auszuliefern und fallen bei Nutzung des Internets zwingend an. Die Daten der Server-Logfiles werden getrennt von allen anderen durch eine betroffene Person wom\u00f6glich an anderer Stelle eingegebenen personenbezogenen Daten gespeichert. Bei der Nutzung dieser allgemeinen Daten und Informationen ziehen wir keine R\u00fcckschl\u00fcsse auf die betroffene Person.<br \/>\nDie Verarbeitung erfolgt auf der Grundlage von Art. 6 Abs. 1 lit. f DSGVO. Das berechtigte Interesse ergibt sich daraus, dass Sie ohne die vor\u00fcbergehende Speicherung der Daten unsere Website gar nicht aufrufen k\u00f6nnten.<br \/>\nDie zuvor beschriebenen technischen Daten werden nach drei Tagen gel\u00f6scht. Etwas anderes gilt nur dann, wenn wir Sie in der vorliegenden Datenschutzerkl\u00e4rung dar\u00fcber aufkl\u00e4ren, dass die Daten wom\u00f6glich f\u00fcr andere Zwecke (etwa f\u00fcr eine Analyse) noch ben\u00f6tigt werden.<\/p>\n<p>Die Bereitstellung dieser technischen Daten ist weder gesetzlich noch vertraglich vorgeschrieben oder f\u00fcr einen Vertragsabschluss erforderlich. Sie sind nicht verpflichtet, die personenbezogenen Daten bereitzustellen. Wenn Ihr System die erforderlichen Informationen nicht oder nicht vollst\u00e4ndig zur Verf\u00fcgung stellt, kann das dazu f\u00fchren, dass unsere Website nicht oder nicht vollst\u00e4ndig aufgerufen werden kann.<\/p>\n<p><strong>Nutzung von Cookies<\/strong><br \/>\nF\u00fcr unseren Internetauftritt nutzen wir Cookies. Cookies sind Textdateien, die im Rahmen Ihres Besuchs unserer Internetseiten von unserem Webserver an Ihren Browser gesandt und von diesem auf Ihrem Rechner f\u00fcr einen sp\u00e4teren Abruf vorgehalten werden. Ihr Name wird dabei nicht \u00fcbermittelt.<br \/>\nOb wir Cookies einsetzen k\u00f6nnen, k\u00f6nnen Sie durch die Einstellungen in Ihrem Browser selbst bestimmen. Sie k\u00f6nnen in Ihrem Browser das Speichern von Cookies vollst\u00e4ndig deaktivieren, es auf bestimmte Websites beschr\u00e4nken oder Ihren Browser so konfigurieren, dass er Sie automatisch benachrichtigt, sobald ein Cookie gesetzt werden soll.<br \/>\nCookies dienen dazu, das Besuchsverhalten des Nutzers einer Website nachvollziehen zu k\u00f6nnen. Bei der Verwendung von Cookies werden unter Umst\u00e4nden Daten verarbeitet, die den Nutzer erkennbar machen, auch wenn die Daten pseudonymisiert werden.<br \/>\nDie Verarbeitung erfolgt auf der Grundlage von Art. 6 Abs. 1 lit. f DSGVO. Das berechtigte Interesse, das wir mit der Verarbeitung verfolgen, besteht darin, unsere Website bedarfsgerecht zu gestalten und die von Ihnen abgerufenen Angebote auf der Website zu ermitteln.<br \/>\nSoweit Cookies von uns eingesetzt werden, werden sie beim Beenden der Browsersitzung automatisch oder nach einer fest vorgegebenen Zeit gel\u00f6scht. Detaillierte Informationen zu den von uns eingesetzten Cookies k\u00f6nnen Sie Ihrem Browser entnehmen. Cookies lassen sich zudem \u00fcber eine von Ihrem Browser bereitgestellte L\u00f6schfunktion von Ihrem System manuell entfernen.<br \/>\nDer Einsatz von Cookies ist weder gesetzlich noch vertraglich vorgeschrieben und f\u00fcr einen Vertragsabschluss auch nicht erforderlich. Sie sind nicht verpflichtet ist, die personenbezogenen Daten bereitzustellen. Wenn Sie allerdings den Einsatz von Cookies nicht zulassen, kann das dazu f\u00fchren, dass einige Funktionen der Website nicht oder nicht richtig funktionieren und\/oder bestimmte Inhalte nicht oder nicht richtig angezeigt werden.<\/p>\n<p><strong>Google Analytics<\/strong><br \/>\nDie technischen Daten, die Sie beim Aufruf unserer Website automatisch \u00fcbermitteln, darunter auch die IP-Adresse, verwenden wir, um anonymisierte Statistiken zu erstellen, die uns Aufschluss dar\u00fcber geben, wie unsere Website genutzt wird. Ihre IP-Adresse wird dabei gek\u00fcrzt und auf diese Weise anonymisiert, wenn Sie auf unsere Internetseiten aus einem Mitgliedstaat der Europ\u00e4ischen Union oder aus einem anderen Vertragsstaat des Europ\u00e4ischen Wirtschaftsraums zugreifen.<br \/>\nWir nutzen den Dienst \u00bbGoogle Analytics\u00ab, der von der Google Inc. (1600 Amphitheatre Parkway Mountain View, CA 94043, USA) angeboten wird, zur Analyse der Websitebenutzung durch Nutzer. Der Dienst verwendet \u00bbCookies\u00ab \u2013 also Textdateien, die auf Ihrem Endger\u00e4t gespeichert werden. Die durch die Cookies gesammelten Informationen werden im Regelfall an einen Google-Server in den USA gesandt und dort gespeichert.<br \/>\nDie IP-Adresse der Nutzer wird innerhalb der Mitgliedsstaaten der EU und des Europ\u00e4ischen Wirtschaftsraums allerdings gek\u00fcrzt. Durch diese K\u00fcrzung entf\u00e4llt der Personenbezug Ihrer IP-Adresse. Im Rahmen der Vereinbarung zur Auftragsdatenvereinbarung, die wir mit der Google Inc. geschlossen haben, erstellt diese mithilfe der gesammelten Informationen eine Auswertung der Websitenutzung und der Websiteaktivit\u00e4t und erbringt mit der Internetnutzung verbundene Dienstleistungen.<br \/>\nSie haben die M\u00f6glichkeit, die Speicherung des Cookies auf Ihrem Ger\u00e4t zu verhindern, indem Sie in Ihrem Browser entsprechende Einstellungen vornehmen. Es ist nicht gew\u00e4hrleistet, dass Sie auf alle Funktionen dieser Website ohne Einschr\u00e4nkungen zugreifen k\u00f6nnen, wenn Ihr Browser keine Cookies zul\u00e4sst.<br \/>\nZudem k\u00f6nnen Sie durch ein Browser-Plugin verhindern, dass die durch Cookies gesammelten Informationen (inklusive Ihrer IP-Adresse) an die Google Inc. gesendet und von der Google Inc. genutzt werden. Dieser Link f\u00fchrt Sie zu dem entsprechenden Plugin. Unter diesem Link finden Sie weitere Informationen zur Datennutzung durch die Google Inc.<br \/>\nDie Verarbeitung erfolgt auf der Grundlage von Art. 6 Abs. 1 lit. f DSGVO. Wir haben ein berechtigtes Interesse daran, den Nutzungsumfang unserer Angebote im Internet abzusch\u00e4tzen.<br \/>\nDie Daten werden von uns gel\u00f6scht, sobald sie f\u00fcr statistische Zwecke nicht mehr ben\u00f6tigt werden, sp\u00e4testens aber nach einem Monat.<br \/>\nDie Bereitstellung Ihrer Daten f\u00fcr Google Analytics ist weder gesetzlich noch vertraglich vorgeschrieben und f\u00fcr einen Vertragsabschluss auch nicht erforderlich. Wenn Sie einer Verarbeitung widersprechen, hat das f\u00fcr Sie keinerlei Konsequenzen.<\/p>\n<p><strong>Ihre Rechte als Betroffener<\/strong><\/p>\n<p>Sie haben das Recht:<\/p>\n<p>gem\u00e4\u00df Art. 15 DSGVO Auskunft \u00fcber Ihre von uns verarbeiteten personenbezogenen Daten zu verlangen. Insbesondere k\u00f6nnen Sie Auskunft \u00fcber die Verarbeitungszwecke, die Kategorie der personenbezogenen Daten, die Kategorien von Empf\u00e4ngern, gegen\u00fcber denen Ihre Daten offengelegt wurden oder werden, die geplante Speicherdauer, das Bestehen eines Rechts auf Berichtigung, L\u00f6schung, Einschr\u00e4nkung der Verarbeitung oder Widerspruch, das Bestehen eines Beschwerderechts, die Herkunft ihrer Daten, sofern diese nicht bei uns erhoben wurden, sowie \u00fcber das Bestehen einer automatisierten Entscheidungsfindung einschlie\u00dflich Profiling und gegebenenfalls aussagekr\u00e4ftige Informationen zu deren Einzelheiten verlangen;<\/p>\n<p>gem\u00e4\u00df Art. 16 DSGVO unverz\u00fcglich die Berichtigung unrichtiger oder Vervollst\u00e4ndigung Ihrer bei uns gespeicherten personenbezogenen Daten zu verlangen;<\/p>\n<p>gem\u00e4\u00df Art. 17 DSGVO die L\u00f6schung Ihrer bei uns gespeicherten personenbezogenen Daten zu verlangen, soweit nicht die Verarbeitung zur Aus\u00fcbung des Rechts auf freie Meinungs\u00e4u\u00dferung und Information, zur Erf\u00fcllung einer rechtlichen Verpflichtung, aus Gr\u00fcnden des \u00f6ffentlichen Interesses oder zur Geltendmachung, Aus\u00fcbung oder Verteidigung von Rechtsanspr\u00fcchen erforderlich ist;<\/p>\n<p>gem\u00e4\u00df Art. 18 DSGVO die Einschr\u00e4nkung der Verarbeitung Ihrer personenbezogenen Daten zu verlangen, soweit die Richtigkeit der Daten von Ihnen bestritten wird, die Verarbeitung unrechtm\u00e4\u00dfig ist, Sie aber deren L\u00f6schung ablehnen und wir die Daten nicht mehr ben\u00f6tigen, Sie jedoch diese zur Geltendmachung, Aus\u00fcbung oder Verteidigung von Rechtsanspr\u00fcchen ben\u00f6tigen oder Sie gem\u00e4\u00df Art. 21 DSGVO Widerspruch gegen die Verarbeitung eingelegt haben;<\/p>\n<p>gem\u00e4\u00df Art. 20 DSGVO Ihre personenbezogenen Daten, die Sie uns bereitgestellt haben, in einem strukturierten, g\u00e4ngigen und maschinenlesebaren Format zu erhalten oder die \u00dcbermittlung an einen anderen Verantwortlichen zu verlangen;<\/p>\n<p>gem\u00e4\u00df Art. 7 Abs. 3 DSGVO Ihre einmal erteilte Einwilligung jederzeit gegen\u00fcber uns zu widerrufen. Dies hat zur Folge, dass wir die Datenverarbeitung, die auf dieser Einwilligung beruhte, f\u00fcr die Zukunft nicht mehr fortf\u00fchren d\u00fcrfen;<\/p>\n<p>gem\u00e4\u00df Art. 77 DSGVO sich bei einer Aufsichtsbeh\u00f6rde zu beschweren.<\/p>\n<p><strong>Widerspruchsrecht<\/strong><br \/>\nSofern Ihre personenbezogenen Daten auf Grundlage von berechtigten Interessen gem\u00e4\u00df Art. 6 Abs. 1 S. 1 lit. f DSGVO verarbeitet werden, haben Sie das Recht, gem\u00e4\u00df Art. 21 DSGVO Widerspruch gegen die Verarbeitung Ihrer personenbezogenen Daten einzulegen, soweit daf\u00fcr Gr\u00fcnde vorliegen, die sich aus Ihrer besonderen Situation ergeben oder sich der Widerspruch gegen Direktwerbung richtet. Im letzteren Fall haben Sie ein generelles Widerspruchsrecht, das ohne Angabe einer besonderen Situation von uns umgesetzt wird. M\u00f6chten Sie von Ihrem<br \/>\nWiderrufs- oder Widerspruchsrecht Gebrauch machen, gen\u00fcgt eine Mitteilung an uns.<\/p>\n<\/div><\/section><br \/>\n\n<style type=\"text\/css\" data-created_by=\"avia_inline_auto\" id=\"style-css-av-jhhqaynj-025ad9b73c197beeedfa480cf861a967\">\n#top .hr.hr-invisible.av-jhhqaynj-025ad9b73c197beeedfa480cf861a967{\nheight:200px;\n}\n<\/style>\n<div  class='hr av-jhhqaynj-025ad9b73c197beeedfa480cf861a967 hr-invisible  avia-builder-el-6  el_after_av_textblock  avia-builder-el-last '><span class='hr-inner '><span class=\"hr-inner-style\"><\/span><\/span><\/div><\/p><\/div><\/div><!--close column table wrapper. Autoclose: 1 --><\/div><\/div><\/div><!-- close content main div --><\/div><\/div><div id='after_section_2'  class='main_color av_default_container_wrap container_wrap sidebar_right'  ><div class='container av-section-cont-open' ><div class='template-page content  av-content-small alpha units'><div class='post-entry post-entry-type-page post-entry-3842'><div class='entry-content-wrapper clearfix'>\n","protected":false},"excerpt":{"rendered":"","protected":false},"author":1,"featured_media":0,"parent":0,"menu_order":0,"comment_status":"closed","ping_status":"closed","template":"","meta":{"footnotes":""},"class_list":["post-3842","page","type-page","status-publish","hentry"],"yoast_head":"<!-- This site is optimized with the Yoast SEO plugin v27.0 - https:\/\/yoast.com\/product\/yoast-seo-wordpress\/ -->\n<title>Datenschutz - Hautarztpraxis \/ Dermatologe Dr. Smith aus Schwabing \/ M\u00fcnchen<\/title>\n<meta name=\"robots\" content=\"index, follow, max-snippet:-1, max-image-preview:large, max-video-preview:-1\" \/>\n<link rel=\"canonical\" href=\"https:\/\/dr-smith.de\/inhalt\/datenschutz\/\" \/>\n<meta property=\"og:locale\" content=\"de_DE\" \/>\n<meta property=\"og:type\" content=\"article\" \/>\n<meta property=\"og:title\" content=\"Datenschutz - Hautarztpraxis \/ Dermatologe Dr. Smith aus Schwabing \/ M\u00fcnchen\" \/>\n<meta property=\"og:url\" content=\"https:\/\/dr-smith.de\/inhalt\/datenschutz\/\" \/>\n<meta property=\"og:site_name\" content=\"Hautarztpraxis \/ Dermatologe Dr. Smith aus Schwabing \/ M\u00fcnchen\" \/>\n<meta property=\"article:modified_time\" content=\"2018-06-12T07:31:57+00:00\" \/>\n<meta name=\"twitter:card\" content=\"summary_large_image\" \/>\n<meta name=\"twitter:label1\" content=\"Gesch\u00e4tzte Lesezeit\" \/>\n\t<meta name=\"twitter:data1\" content=\"10\u00a0Minuten\" \/>\n<script type=\"application\/ld+json\" class=\"yoast-schema-graph\">{\"@context\":\"https:\/\/schema.org\",\"@graph\":[{\"@type\":\"WebPage\",\"@id\":\"https:\/\/dr-smith.de\/inhalt\/datenschutz\/\",\"url\":\"https:\/\/dr-smith.de\/inhalt\/datenschutz\/\",\"name\":\"Datenschutz - Hautarztpraxis \/ Dermatologe Dr. Smith aus Schwabing \/ M\u00fcnchen\",\"isPartOf\":{\"@id\":\"https:\/\/dr-smith.de\/inhalt\/#website\"},\"datePublished\":\"2018-05-22T13:39:31+00:00\",\"dateModified\":\"2018-06-12T07:31:57+00:00\",\"breadcrumb\":{\"@id\":\"https:\/\/dr-smith.de\/inhalt\/datenschutz\/#breadcrumb\"},\"inLanguage\":\"de\",\"potentialAction\":[{\"@type\":\"ReadAction\",\"target\":[\"https:\/\/dr-smith.de\/inhalt\/datenschutz\/\"]}]},{\"@type\":\"BreadcrumbList\",\"@id\":\"https:\/\/dr-smith.de\/inhalt\/datenschutz\/#breadcrumb\",\"itemListElement\":[{\"@type\":\"ListItem\",\"position\":1,\"name\":\"Startseite\",\"item\":\"https:\/\/dr-smith.de\/inhalt\/\"},{\"@type\":\"ListItem\",\"position\":2,\"name\":\"Datenschutz\"}]},{\"@type\":\"WebSite\",\"@id\":\"https:\/\/dr-smith.de\/inhalt\/#website\",\"url\":\"https:\/\/dr-smith.de\/inhalt\/\",\"name\":\"Hautarztpraxis Dr. Smith aus Schwabing\/M\u00fcnchen\",\"description\":\"Ihr Hautarzt f\u00fcr Dermatologie, Venerologie, Allergologie, Lasermedizin &amp; \u00c4sthetische Therapien\",\"publisher\":{\"@id\":\"https:\/\/dr-smith.de\/inhalt\/#organization\"},\"potentialAction\":[{\"@type\":\"SearchAction\",\"target\":{\"@type\":\"EntryPoint\",\"urlTemplate\":\"https:\/\/dr-smith.de\/inhalt\/?s={search_term_string}\"},\"query-input\":{\"@type\":\"PropertyValueSpecification\",\"valueRequired\":true,\"valueName\":\"search_term_string\"}}],\"inLanguage\":\"de\"},{\"@type\":\"Organization\",\"@id\":\"https:\/\/dr-smith.de\/inhalt\/#organization\",\"name\":\"Haut\u00e4rztin Dr. Smith M\u00fcnchen\",\"url\":\"https:\/\/dr-smith.de\/inhalt\/\",\"logo\":{\"@type\":\"ImageObject\",\"inLanguage\":\"de\",\"@id\":\"https:\/\/dr-smith.de\/inhalt\/#\/schema\/logo\/image\/\",\"url\":\"https:\/\/dr-smith.de\/inhalt\/wp-content\/uploads\/2016\/07\/Logo-Dr-Smith.gif\",\"contentUrl\":\"https:\/\/dr-smith.de\/inhalt\/wp-content\/uploads\/2016\/07\/Logo-Dr-Smith.gif\",\"width\":283,\"height\":80,\"caption\":\"Haut\u00e4rztin Dr. Smith M\u00fcnchen\"},\"image\":{\"@id\":\"https:\/\/dr-smith.de\/inhalt\/#\/schema\/logo\/image\/\"}}]}<\/script>\n<!-- \/ Yoast SEO plugin. -->","yoast_head_json":{"title":"Datenschutz - Hautarztpraxis \/ Dermatologe Dr. Smith aus Schwabing \/ M\u00fcnchen","robots":{"index":"index","follow":"follow","max-snippet":"max-snippet:-1","max-image-preview":"max-image-preview:large","max-video-preview":"max-video-preview:-1"},"canonical":"https:\/\/dr-smith.de\/inhalt\/datenschutz\/","og_locale":"de_DE","og_type":"article","og_title":"Datenschutz - Hautarztpraxis \/ Dermatologe Dr. Smith aus Schwabing \/ M\u00fcnchen","og_url":"https:\/\/dr-smith.de\/inhalt\/datenschutz\/","og_site_name":"Hautarztpraxis \/ Dermatologe Dr. Smith aus Schwabing \/ M\u00fcnchen","article_modified_time":"2018-06-12T07:31:57+00:00","twitter_card":"summary_large_image","twitter_misc":{"Gesch\u00e4tzte Lesezeit":"10\u00a0Minuten"},"schema":{"@context":"https:\/\/schema.org","@graph":[{"@type":"WebPage","@id":"https:\/\/dr-smith.de\/inhalt\/datenschutz\/","url":"https:\/\/dr-smith.de\/inhalt\/datenschutz\/","name":"Datenschutz - Hautarztpraxis \/ Dermatologe Dr. Smith aus Schwabing \/ M\u00fcnchen","isPartOf":{"@id":"https:\/\/dr-smith.de\/inhalt\/#website"},"datePublished":"2018-05-22T13:39:31+00:00","dateModified":"2018-06-12T07:31:57+00:00","breadcrumb":{"@id":"https:\/\/dr-smith.de\/inhalt\/datenschutz\/#breadcrumb"},"inLanguage":"de","potentialAction":[{"@type":"ReadAction","target":["https:\/\/dr-smith.de\/inhalt\/datenschutz\/"]}]},{"@type":"BreadcrumbList","@id":"https:\/\/dr-smith.de\/inhalt\/datenschutz\/#breadcrumb","itemListElement":[{"@type":"ListItem","position":1,"name":"Startseite","item":"https:\/\/dr-smith.de\/inhalt\/"},{"@type":"ListItem","position":2,"name":"Datenschutz"}]},{"@type":"WebSite","@id":"https:\/\/dr-smith.de\/inhalt\/#website","url":"https:\/\/dr-smith.de\/inhalt\/","name":"Hautarztpraxis Dr. Smith aus Schwabing\/M\u00fcnchen","description":"Ihr Hautarzt f\u00fcr Dermatologie, Venerologie, Allergologie, Lasermedizin &amp; \u00c4sthetische Therapien","publisher":{"@id":"https:\/\/dr-smith.de\/inhalt\/#organization"},"potentialAction":[{"@type":"SearchAction","target":{"@type":"EntryPoint","urlTemplate":"https:\/\/dr-smith.de\/inhalt\/?s={search_term_string}"},"query-input":{"@type":"PropertyValueSpecification","valueRequired":true,"valueName":"search_term_string"}}],"inLanguage":"de"},{"@type":"Organization","@id":"https:\/\/dr-smith.de\/inhalt\/#organization","name":"Haut\u00e4rztin Dr. Smith M\u00fcnchen","url":"https:\/\/dr-smith.de\/inhalt\/","logo":{"@type":"ImageObject","inLanguage":"de","@id":"https:\/\/dr-smith.de\/inhalt\/#\/schema\/logo\/image\/","url":"https:\/\/dr-smith.de\/inhalt\/wp-content\/uploads\/2016\/07\/Logo-Dr-Smith.gif","contentUrl":"https:\/\/dr-smith.de\/inhalt\/wp-content\/uploads\/2016\/07\/Logo-Dr-Smith.gif","width":283,"height":80,"caption":"Haut\u00e4rztin Dr. Smith M\u00fcnchen"},"image":{"@id":"https:\/\/dr-smith.de\/inhalt\/#\/schema\/logo\/image\/"}}]}},"_links":{"self":[{"href":"https:\/\/dr-smith.de\/inhalt\/wp-json\/wp\/v2\/pages\/3842","targetHints":{"allow":["GET"]}}],"collection":[{"href":"https:\/\/dr-smith.de\/inhalt\/wp-json\/wp\/v2\/pages"}],"about":[{"href":"https:\/\/dr-smith.de\/inhalt\/wp-json\/wp\/v2\/types\/page"}],"author":[{"embeddable":true,"href":"https:\/\/dr-smith.de\/inhalt\/wp-json\/wp\/v2\/users\/1"}],"replies":[{"embeddable":true,"href":"https:\/\/dr-smith.de\/inhalt\/wp-json\/wp\/v2\/comments?post=3842"}],"version-history":[{"count":7,"href":"https:\/\/dr-smith.de\/inhalt\/wp-json\/wp\/v2\/pages\/3842\/revisions"}],"predecessor-version":[{"id":3883,"href":"https:\/\/dr-smith.de\/inhalt\/wp-json\/wp\/v2\/pages\/3842\/revisions\/3883"}],"wp:attachment":[{"href":"https:\/\/dr-smith.de\/inhalt\/wp-json\/wp\/v2\/media?parent=3842"}],"curies":[{"name":"wp","href":"https:\/\/api.w.org\/{rel}","templated":true}]}}